3?
18474373
List the prime factors of 115705.
5, 73, 317
List the prime factors of 986242.
2, 493121
What are the prime factors of 258148?
2, 11, 5867
What are the prime factors of 2950430?
2, 5, 7, 113, 373
What are the prime factors of 15370351?
541, 28411
List the prime factors of 1325663.
1325663
List the prime factors of 58791.
3, 19597
List the prime factors of 4997464.
2, 624683
List the prime factors of 2118745.
5, 423749
List the prime factors of 89414.
2, 13, 19, 181
List the prime factors of 5748700.
2, 5, 57487
List the prime factors of 4747226.
2, 11, 19, 41, 277
List the prime factors of 8864438.
2, 11, 179, 2251
What are the prime factors of 633927?
3, 7, 30187
List the prime factors of 7332891.
3, 41, 59617
What are the prime factors of 705614?
2, 7, 13, 3877
What are the prime factors of 16933156?
2, 17, 249017
List the prime factors of 1877923.
41, 163, 281
What are the prime factors of 16925503?
7, 2417929
What are the prime factors of 6969809?
7, 11, 67, 193
List the prime factors of 933416.
2, 11, 10607
List the prime factors of 764608.
2, 13, 919
List the prime factors of 21672.
2, 3, 7, 43
List the prime factors of 665045.
5, 23, 5783
What are the prime factors of 1686320?
2, 5, 107, 197
List the prime factors of 8442643.
11, 767513
List the prime factors of 242817.
3, 29, 2791
What are the prime factors of 9351398?
2, 7, 29, 31, 743
What are the prime factors of 1334271?
3, 31, 14347
What are the prime factors of 19303569?
3, 714947
List the prime factors of 274868.
2, 11, 6247
What are the prime factors of 1186042?
2, 11, 13, 29
What are the prime factors of 221493?
3, 17, 43, 101
List the prime factors of 3646867.
7, 520981
List the prime factors of 1199977.
827, 1451
What are the prime factors of 376469?
376469
List the prime factors of 4286831.
1489, 2879
What are the prime factors of 2815566?
2, 3, 13, 36097
What are the prime factors of 4290528?
2, 3, 11, 17, 239
What are the prime factors of 2077877?
1223, 1699
List the prime factors of 2066440.
2, 5, 19, 2719
What are the prime factors of 1151822?
2, 7, 29, 2837
What are the prime factors of 13577925?
3, 5, 181039
What are the prime factors of 11091721?
43, 257947
List the prime factors of 10176378.
2, 3, 1153, 1471
What are the prime factors of 7394828?
2, 7, 264101
List the prime factors of 608670.
2, 3, 5, 6763
What are the prime factors of 2010872?
2, 251359
What are the prime factors of 4280185?
5, 7, 13, 23, 409
What are the prime factors of 7908508?
2, 251, 7877
What are the prime factors of 4111197?
3, 227, 6037
What are the prime factors of 88811?
88811
List the prime factors of 19227152.
2, 7, 171671
What are the prime factors of 38514573?
3, 47, 83, 1097
List the prime factors of 11213838.
2, 3, 19, 32789
What are the prime factors of 27321522?
2, 3, 4553587
List the prime factors of 26110027.
26110027
List the prime factors of 6776112.
2, 3, 7, 43, 67
List the prime factors of 1984484.
2, 181, 2741
List the prime factors of 1897052.
2, 474263
What are the prime factors of 2331902?
2, 1165951
List the prime factors of 4745670.
2, 3, 5, 158189
What are the prime factors of 515345?
5, 103069
List the prime factors of 3653388.
2, 3, 101483
List the prime factors of 1228831.
193, 6367
What are the prime factors of 3905915?
5, 13, 60091
List the prime factors of 107118.
2, 3, 11, 541
List the prime factors of 53445.
3, 5, 7, 509
List the prime factors of 95880.
2, 3, 5, 17, 47
What are the prime factors of 1520626?
2, 37, 20549
What are the prime factors of 9477423?
3, 113, 9319
What are the prime factors of 1716895?
5, 343379
List the prime factors of 3089192.
2, 386149
What are the prime factors of 95203?
95203
What are the prime factors of 299585?
5, 11, 13, 419
What are the prime factors of 492546?
2, 3, 103, 797
What are the prime factors of 15345697?
15345697
What are the prime factors of 1119309?
3, 19, 73, 269
List the prime factors of 219133.
219133
What are the prime factors of 1023717?
3, 103, 3313
What are the prime factors of 444124?
2, 111031
What are the prime factors of 1778460?
2, 3, 5, 29641
What are the prime factors of 271516?
2, 7, 9697
List the prime factors of 544572.
2, 3, 7, 2161
List the prime factors of 5296950.
2, 3, 5, 79, 149
List the prime factors of 450893.
450893
What are the prime factors of 151636?
2, 167, 227
What are the prime factors of 1181918?
2, 590959
What are the prime factors of 193531?
13, 14887
List the prime factors of 224635.
5, 44927
What are the prime factors of 2261?
7, 17, 19
What are the prime factors of 515055?
3, 5, 34337
What are the prime factors of 526859?
526859
List the prime factors of 2902990.
2, 5, 61, 4759
What are the prime factors of 3247072?
2, 29, 3499
What are the prime factors of 641389?
7, 59, 1553
What are the prime factors of 1696506?
2, 3, 7, 31, 1303
What are the prime factors of 666839?
23, 79, 367
List the prime factors of 263706.
2, 3, 43951
What are the prime factors of 174029?
17, 29, 353
List the prime factors of 6779778.
2, 3, 1129963
What are the prime factors of 249437?
249437
List the prime factors of 632036.
2, 158009
List the prime factors of 6336616.
2, 11, 13, 29, 191
What are the prime factors of 2948473?
11, 268043
List the prime factors of 2335685.
5, 11, 42467
List the prime factors of 293729.
293729
What are the prime factors of 53961?
3, 17987
List the prime factors of 15467031.
3, 257, 743
What are the prime factors of 106362?
2, 3, 19, 311
List the prime factors of 4360247.
79, 97, 569
List the prime factors of 7359834.
2, 3, 31, 39569
What are the prime factors of 5537588?
2, 7, 19, 1487
What are the prime factors of 19489065?
3, 5, 199, 6529
What are the prime factors of 7437750?
2, 3, 5, 47, 211
What are the prime factors of 1208844?
2, 3, 7, 13, 41
List the prime factors of 502478.
2, 277, 907
List the prime factors of 3566875.
5, 13, 439
List the prime factors of 2008170.
2, 3, 5, 53, 421
List the prime factors of 233649.
3, 13, 1997
What are the prime factors of 1741699?
1741699
List the prime factors of 1169703.
3, 129967
List the prime factors of 565921.
565921
List the prime factors of 269215.
5, 23, 2341
List the prime factors of 803523.
3, 7, 83, 461
List the prime factors of 92163.
3, 31, 991
List the prime factors of 161139.
3, 11, 19, 257
List the prime factors of 33055.
5, 11, 601
What are the prime factors of 81464?
2, 17, 599
What are the prime factors of 667629?
3, 79, 313
What are the prime factors of 344865?
3, 5, 83, 277
List the prime factors of 7131468.
2, 3, 53, 11213
List the prime factors of 292794.
2, 3, 48799
List the prime factors of 1574089.
11, 13009
List the prime factors of 1376011.
7, 13, 15121
List the prime factors of 1231853.
7, 175979
List the prime factors of 23530450.
2, 5, 470609
List the prime factors of 1713293.
23, 163, 457
What are the prime factors of 17446782?
2, 3, 157, 18521
List the prime factors of 160292.
2, 11, 3643
What are the prime factors of 10040355?
3, 5, 13, 1907
List the prime factors of 600298.
2, 300149
List the prime factors of 4842879.
3, 41, 39373
List the prime factors of 745715.
5, 149143
What are the prime factors of 302580?
2, 3, 5, 41
What are the prime factors of 196865?
5, 39373
What are the prime factors of 306897?
3, 102299
What are the prime factors of 146204?
2, 36551
What are the prime factors of 9915866?
2, 67, 73999
What are the prime factors of 2800875?
3, 5, 7, 11, 97
List the prime factors of 3368527.
461, 7307
List the prime factors of 19401181.
593, 32717
What are the prime factors of 1040410?
2, 5, 7, 89, 167
List the prime factors of 13860844.
2, 31, 111781
What are the prime factors of 513614?
2, 71, 3617
List the prime factors of 67542.
2, 3, 11257
List the prime factors of 316349.
11, 28759
List the prime factors of 338820.
2, 3, 5, 5647
List the prime factors of 104668.
2, 137, 191
List the prime factors of 10204494.
2, 3, 1700749
List the prime factors of 205491.
3, 11, 13, 479
What are the prime factors of 23844113?
23844113
What are the prime factors of 666866?
2, 333433
What are the prime factors of 2266300?
2, 5, 131, 173
List the prime factors of 804512.
2, 31, 811
List the prime factors of 773147.
773147
What are the prime factors of 1078921?
53, 20357
What ar